 = 340*n + 266. Let f be d(4). What is the highest common divisor of f and 6?
6
Let o(p) = 3*p**2 + 18*p + 70. Let c be o(-5). Let z be (-2)/7 - (-472)/(-14). Let t = z + c. Calculate the greatest common divisor of 7 and t.
7
Let x = -3924 - -3970. What is the greatest common factor of 3013 and x?
23
Suppose -8*p - 1144 = -48. Let n = p + 185. Calculate the highest common factor of n and 12.
12
Suppose 0 = 48*a - 52*a - 56. Let g be (-1 + a)/(2 + -3). Suppose 2*d - 4 = 0, -5*d = 6*t - t - g. What is the highest common factor of t and 17?
1
Let v = -235 + 233. Let j be (0 - v/11) + (-614)/(-11). Calculate the greatest common divisor of j and 14.
14
Let a be 5/(200/15) + 173/8. Let q be (8/(-2))/(0 + -1). Suppose q*z - 125 = 139. Calculate the highest common divisor of a and z.
22
Suppose 5*m - 1286 = -62*h + 63*h, -4*m + 2*h = -1036. Let z be 2/(-7) + 58/7. Calculate the highest common factor of z and m.
8
Let w(k) = 328*k + 197. Let l be w(1). Calculate the highest common divisor of 630 and l.
105
Let i = -34963 + 35013. Suppose -6*t = -2*t - 8. Calculate the greatest common factor of t and i.
2
Let r = -1850 - -1860. What is the greatest common divisor of 1390 and r?
10
Let v be 3/((-5 - -4)/(-1)). Suppose -k - v*k = -12. Suppose -p + l = -k*l, -p + 2*l + 4 = 0. Calculate the greatest common divisor of p and 12.
4
Let p = 102 + -204. Suppose -253 = -22*i - 1881. Let x = i - p. Calculate the greatest common factor of 7 and x.
7
Let s be (-1)/(3 + (-344)/116). Let w be (-4)/18 + s/(-9). Let v be (-201)/(-6) - (-2)/(-4). Calculate the greatest common divisor of v and w.
3
Suppose 7*b = -9*b + 76176. Suppose -b = -15*x - 8*x. What is the greatest common factor of 9 and x?
9
Let t(d) = 7*d - 37. Let i = -97 - -109. Let u be t(i). Suppose 0 = -2*o - o + 282. Calculate the greatest common factor of o and u.
47
Let x(l) be the first derivative of -l**2 + 47*l - 3. Let p be x(-16). Calculate the greatest common factor of p and 1.
1
Let v(y) = 62*y**2 - 5*y + 20. Let q be v(4). Suppose -2*b + q = -2*l, 3*l = 4*b - 2*l - 1986. What is the greatest common divisor of b and 38?
38
Let i(u) = u**2 + 85*u - 1362. Let p be i(14). Suppose 0 = h + 2*h - 180. Calculate the highest common factor of p and h.
12
Suppose -14*y = -28*y - 14. Let r be y + -1 + (22 - 4)*1. What is the highest common factor of 40 and r?
8
Let r(m) = m**2 + 4*m + 189. Let o(s) = s + 63. Let f(i) = -8*o(i) + 3*r(i). Let t be f(-7). What is the highest common divisor of t and 91?
91
Suppose 764 - 8450 = -14*p. Suppose 5*w + x - 44 = 0, x + 1 = -0. What is the greatest common divisor of p and w?
9
Let n(k) = -k + 9. Let c be n(7). Let i = 92 - 104. Let f be -1 + 4/(i/(-21)) + c. What is the greatest common divisor of f and 24?
8
Let m = 4408 + -4248. Calculate the greatest common factor of 128 and m.
32
Suppose -15*b = -11*b + 20. Let a be -1 + 110 + (-10 - b). What is the highest common divisor of 78 and a?
26
Let a(i) = i**2 + 4*i + 4. Let y be a(-2). Suppose y = 6*f - 0*f - 768. Let g = 36 + -20. Calculate the highest common factor of f and g.
16
Let c(d) = d**3 - 7*d**2 - 6*d. Let p be c(8). Let z(b) = b + 25. Let j be z(15). What is the highest common divisor of p and j?
8
Suppose -78*p = -42*p + 5*p - 140958. What is the greatest common divisor of 162 and p?
18
Let w = 5389 + -5301. Calculate the greatest common divisor of 3256 and w.
88
Let x(v) = -13 + v**3 + 1 - 31*v - 12 + 26*v**2. Let q be x(-27). Let a be 45/20*(-16)/(-3). What is the greatest common factor of q and a?
12
Let h be ((-10)/(-4) - (-369)/(-41))/((-1)/6). What is the greatest common divisor of 3081 and h?
39
Suppose -432 + 24 = -8*m. Suppose -8*a + 20 + 28 = 0. Suppose k + 5*r = a*r + 33, r = 1. Calculate the greatest common factor of k and m.
17
Let d = -1963 + 2037. What is the highest common divisor of d and 4625?
37
Suppose 14 + 1 = 3*s. Let f = 10910 - 10908. Suppose f*m = 5*x - 61 - 4, s*m = 0. Calculate the greatest common factor of x and 325.
13
Suppose -a - 424 = -5*q, -q - 5*a + 17 = -73. Suppose 270 = 4*y + 3*d, d - q - 120 = -3*y. Calculate the greatest common divisor of y and 46.
23
Let l = -846 - -1690. Suppose l = 8*o + 300. Calculate the greatest common factor of o and 119.
17
Suppose 517 = 706*w - 695*w. What is the highest common divisor of 13019 and w?
47
Let d(g) = -56*g**3 + 18*g**2 + 68*g + 50. Let m be d(-3). What is the highest common divisor of m and 2880?
80
Let w be (29/(754/156))/(2/223). Calculate the greatest common factor of 33 and w.
3
Suppose 0 = -359*b + 356*b + 741. What is the highest common factor of 208 and b?
13
Suppose -18454 = -9*m + 25898. Calculate the greatest common factor of 77 and m.
77
Suppose -398 - 10 = 3*t. Let h = 168 + t. Suppose -3*r + 4*x + 36 = 0, -3*r - 5*x + 4 = -h. What is the highest common divisor of r and 54?
6
Let a be (-1)/(-10) - 31170/2400*-8. What is the greatest common factor of a and 136?
8
Suppose 0 = -4*z + 2*v + 114, 3*v = -3 - 0. Let q = 531 - 199. Let c = q - 276. What is the greatest common factor of c and z?
28
Let g = -288 + 234. Let y = 15 - g. Calculate the greatest common divisor of y and 92.
23
Let h be 17582/531 - (-1)/(-9). Let o be (-3144)/30 + (-2)/10. Let t be o/(-3) - (-4)/(-2). Calculate the highest common factor of t and h.
33
Let z = -152 + 166. Suppose 0 = z*v - 13*v - 261. What is the highest common divisor of v and 58?
29
Suppose l + 5*q - 3 = 0, 3*l - q + 6 = -65. Let v = 22 + l. Suppose -4*r + 14 + 6 = v. What is the greatest common divisor of r and 10?
5
Let b = -3089 + 3116. What is the highest common divisor of 13743 and b?
27
Suppose 76*g + 3103 = 105*g. Calculate the highest common divisor of g and 18511.
107
Let f(u) = -15*u + 207. Let j(o) = -o**2 + 12*o + 34. Let y be j(14). Let n be f(y). Calculate the greatest common factor of n and 9.
9
Let w(u) = 1278*u + 36. Let p be w(1). Calculate the highest common factor of 73 and p.
73
Let v(y) = y**2 + 7*y - 30. Let c be v(3). Suppose b - 4*b - 150 = c. Let n be (-1)/(8/b) - 1/4. Calculate the highest common divisor of 54 and n.
6
Suppose 422*i - 426*i + 28212 = 4*q, 4*q = 3*i - 21131. Calculate the greatest common divisor of i and 1.
1
Let t = 140 + -131. Let a be (3 - 60/t)/(13/(-78)). What is the highest common factor of a and 22?
22
Let f be (-671)/(-66) - (-2)/(-12). Suppose -f*h + 98 = -3*h. What is the highest common factor of h and 287?
7
Let o be 507375/861 + (-4)/21*12/8. What is the greatest common factor of o and 228?
19
Let f be 1/(-7) + ((-196605)/(-119) - -23). What is the highest common divisor of 402 and f?
67
Suppose -711 = -32*b + 1401. What is the greatest common divisor of b and 242?
22
Let a(r) be the first derivative of -r**4 - 4*r**3/3 + 2*r**2 + 8*r - 40. Let s be a(-2). Let k = 41 + -9. What is the greatest common divisor of k and s?
16
Let j = 5631 - 5601. Calculate the greatest common factor of j and 735.
15
Suppose -1712 = 14*k - 46862. Calculate the greatest common divisor of k and 516.
129
Let z be -6*(15/(-3) - 359). Let k be (18/8)/(7*6/z). Let m(s) = s**3 + 6*s**2 - 7*s - 3. Let j be m(-6). Calculate the highest common factor of k and j.
39
Suppose -5*n = -5*h + 335, -15*n + 16*n + 4 = 0. Calculate the highest common divisor of 1680 and h.
21
Let c(k) be the first derivative of -k**2 + 14*k - 23. Let f be c(5). Suppose f*t + 343 = 11*t. Calculate the highest common divisor of 98 and t.
49
Let z = -79 - -69. Let p be (6/(-9))/(z/(-45)). Let j be 4/30*5 - 28/p. Calculate the highest common divisor of 50 and j.
10
Suppose -246636 = 1149*u - 1217*u. What is the greatest common divisor of u and 39?
39
Let t be ((-636)/(-371))/((-6)/(-14)). Let r = 211 - -313. What is the highest common divisor of r and t?
4
Let a = 776 - 523. Let d = a - 157. Calculate the greatest common factor of d and 32.
32
Suppose -14*i + 1 = 37*i - 6935. Calculate the greatest common factor of 21148 and i.
68
Let c(p) = -178*p - 1152. Let r be c(-7). Calculate the greatest common factor of r and 6.
2
Let t = 7182 + -7178. What is the highest common divisor of 6508 and t?
4
Suppose k + 5 - 85 = 0. Suppose 51*u - 56*u = 0, -4*j = -5*u - 160. What is the greatest common factor of k and j?
40
Suppose -2*b - 138 = -4*j, 3*j - 55 - 45 = 5*b. Suppose 5*v - j - 175 = 0. Wh